et s = -11 - -7. Let g = 3 - s. What is the remainder when g is divided by j?
1
Calculate the remainder when (-69510)/(-12)*68/170 is divided by 27.
22
Let x = 59 + -59. Suppose 3*s - 13 = k + k, 4*s + 3*k + 11 = x. Calculate the remainder when 28 is divided by ((-18)/(-21))/(s/7).
4
Suppose 2*j + 5*l = -25, -5*l = 3*j - 0*j + 25. Suppose -t = -16 - 19. Suppose -9*p + 2*p + t = j. Calculate the remainder when p is divided by 2.
1
Let q(j) = 29*j - 1183. What is the remainder when 326 is divided by q(41)?
2
Suppose -187*c - 91*c + 279600 = -45*c. Calculate the remainder when c is divided by 54.
12
Let u be (6/21)/((-1)/(-7)). Suppose -u*i = -6*i - 4, -4*n - 5*i + 339 = 0. What is the remainder when n is divided by (-3)/(-15) + (-327)/(-15)?
20
Let k be 8 - (-894)/(-9)*6. Let g = -546 - k. Calculate the remainder when 142 is divided by g.
16
Let p = 8651 + -7834. What is the remainder when p is divided by 153?
52
Suppose 5*c + 8 = -2*i - 15, i = 5*c + 26. Let f = -15 - c. Let m = f - -19. Calculate the remainder when 34 is divided by m.
7
Let n = 198 - 138. Let z(u) = -u**3 - 8*u**2 - 818*u - 4008. What is the remainder when n is divided by z(-5)?
4
Let r = 7 + -1. Let p be 685/3 - 16/48. Let u = -201 + p. What is the remainder when u is divided by r?
3
Let d(o) = 465*o + 2880. Calculate the remainder when d(-5) is divided by 6.
3
Suppose 121 = 2*y - 17. Calculate the remainder when 95 is divided by y.
26
What is the remainder when 112 + -124 + 1477/1 is divided by 482?
19
Let o(v) be the first derivative of -v**4/4 - v**3/3 - v**2/2 + 14*v + 3. Let j(c) = 5*c - 104. Calculate the remainder when o(0) is divided by j(22).
2
Suppose -5*t + 18 + 542 = 0. Let f = 3256 - 3149. Let d = t - f. Calculate the remainder when 6 is divided by d.
1
Suppose 4*o - 701 = -3*n, -3*n + 707 = -87*o + 85*o. What is the remainder when n is divided by 27?
19
Suppose 3*y = -4*b + 371, 42*y + 369 = 4*b + 43*y. What is the remainder when b is divided by 18?
2
Let y(g) = -g**3 + 11*g**2 + 25*g + 2. Let k be y(13). Let v = -6 - k. Suppose v*x = 2*x + 288. Calculate the remainder when x is divided by 11.
8
Let d = -357 - -707. Suppose -3*y - 7*y - d = 0. What is the remainder when 47 is divided by y/(-2) - (-54)/(-36)?
15
Let i = -238 + 117. Let v = -98 - i. Calculate the remainder when (-26)/(-2*1/5) is divided by v.
19
Let s(f) = 2*f**2 - f - 2*f + 4 + 0*f. Let q = -327 - -386. What is the remainder when q is divided by s(-3)?
28
Let h(i) = 3*i + 3. Let k = 1446 + -1403. What is the remainder when k is divided by h(4)?
13
Suppose -4*u - 1 = -5*u, 0 = -w + 4*u + 320. Suppose 84 = 6*q - 3*q. What is the remainder when (3/2)/(6/w) is divided by q?
25
Let j be (-12)/3*(-3 + 4). Let q be 0 - -44 - ((-7 - j) + 2). Calculate the remainder when 33 is divided by 2 + (q + -5)/4.
9
What is the remainder when (-673968)/(-128) - (-42)/(-112) is divided by 12?
9
Suppose -62*a + 1322 = 2*i - 67*a, 2*i = 4*a + 1324. What is the remainder when i is divided by 54?
18
Let t be (6 - 520/90) + (-34)/(-9). Suppose -2*s - t*x = -84, 0*x - x + 47 = s. Calculate the remainder when s is divided by 11.
8
Let f(b) = 18*b - 193. Let s = 255 - 250. Calculate the remainder when f(29) is divided by s.
4
Let k = -54691 + 54710. Suppose -3*l + 0*l + 2271 = 2*c, 0 = -2*l - 2*c + 1514. What is the remainder when l is divided by k?
16
Let s = -172 - -225. Suppose -2*o + 151 = -s. What is the remainder when o is divided by 26?
24
Let f = -344 - -328. Let r = -1 - f. Calculate the remainder when (0 + 4 + 0)*22 is divided by r.
13
Let p(q) = 3*q**2 - 8*q - 191. Calculate the remainder when 571 is divided by p(12).
136
Suppose 5*c - 203 - 7 = 0. Let z = c - 37. Calculate the remainder when 32 is divided by z/((-75)/(-155)) - (-2)/3.
10
Suppose -125*f + 28 + 349 + 373 = 0. Calculate the remainder when 229 is divided by f.
1
Let v(i) = 209*i + 7. Let f(s) = 421*s + 14. Let g(p) = 4*f(p) - 9*v(p). Calculate the remainder when g(-2) is divided by 13.
10
Let s(i) = -3*i**2 + i - 4. Let a be s(-6). Let c(p) = 25*p**3 - 3*p**2 - 44*p + 44. Calculate the remainder when -2 + (-3)/2*a is divided by c(1).
21
Suppose 8*p = -32 - 168. Let c = -23 - p. Suppose -4*s + 11 = c*z - 27, 0 = 2*s + 4*z - 34. Calculate the remainder when s is divided by 2.
1
Suppose -63 = -2*x + 3*k, 606*k = -5*x + 611*k + 175. What is the remainder when 615 is divided by x?
27
Let x(g) = -8*g**2 - 8*g - 9. Let v be x(-5). Let r = v + 191. What is the remainder when 41 is divided by r?
19
Suppose 5*y + 1068 = 9*y. Let v = 275 - y. What is the remainder when 12 is divided by v?
4
Let g = -132 + 255. Let f = g - 123. Let k = f + 27. What is the remainder when 74 is divided by k?
20
Suppose -4*h - 112 = -4*f, -3*f + 5*h + 98 = 2. Calculate the remainder when 2133 is divided by f.
21
Suppose -1 = -l - 3*b, 4*b - 2 - 1 = -3*l. Suppose 7*p = 3*p + 244. What is the remainder when p is divided by (-13*(0 + 1))/l*-1?
9
Suppose 4*c = 2*c + 4. Suppose 12 = c*t - 38. What is the remainder when ((-39)/520)/((-3)/1665) + 6/16 is divided by t?
17
Suppose -y - 13530 = 2*g - 14305, g - 419 = -5*y. Calculate the remainder when g is divided by 15.
9
Let a(j) = 286*j**2 + 38*j - 70. Calculate the remainder when a(3) is divided by 165.
143
Suppose -3*y - 251 = -q, 5*q - 599 - 675 = -4*y. Calculate the remainder when q is divided by 20.
14
Suppose -2*s = y - 0*y + 2, 0 = -2*y - 2*s. Suppose -y*x + 30 = 4*b, x - 3*b - 3 - 17 = 0. Calculate the remainder when 114 is divided by x.
12
Let m = -58 - -88. Let o = -1307 - -1573. Calculate the remainder when o is divided by m.
26
Let v be 0/2 + 1/(2/124). Let c = -16 + v. Let y = c + -27. Calculate the remainder when 111 is divided by y.
16
Let d(o) = -o**2 - 13*o + 103. Let z be d(-31). Let h = z + 465. Calculate the remainder when 167 is divided by h.
7
Suppose 2*n - 29 = 11. Suppose f = -4*l + 2*f + n, 4*f = -5*l + 25. Suppose 277*v + 200 = 585*v - 288*v. Calculate the remainder when v is divided by l.
0
Let q = -679 - -682. What is the remainder when (q/30*5)/((-3)/(-126)) is divided by 4?
1
Let p be ((-48)/(-32))/((-3)/(-4)). Suppose 16 = 2*m + p*l - 28, 3*l = -4*m + 84. What is the remainder when 29 is divided by m?
11
Let z = 206 - 129. Let c(n) = -9*n**3 + 41*n**2 + 10*n + 56. What is the remainder when z is divided by c(5)?
5
Calculate the remainder when 972 is divided by (-815 + -1)*((-17)/(-3))/(-17).
156
Let f = 14592 + -13809. Calculate the remainder when 802 is divided by f.
19
Let x = 85 + 46. What is the remainder when 142 is divided by x?
11
Let w = 435 - 431. Suppose -3*c + 7*g - w*g + 111 = 0, 3*g + 187 = 5*c. Calculate the remainder when c is divided by 16.
6
Suppose -273 = -5*l - 4*o, -4*l + 9*l - 5*o = 255. Suppose -10*h - k = -6*h - 111, 0 = 2*h + k - 57. Calculate the remainder when l is divided by h.
26
What is the remainder when 42/4*154 - -1 is divided by 12?
10
Suppose i + 63 - 62 = 0. What is the remainder when 124 is divided by i*40/14*(-141 + 134)?
4
Let h = 0 - -13. Suppose 4*o + 234 = h*o. Suppose 0 = 2*c + 2*c - 28. What is the remainder when o is divided by c?
5
Suppose -10629 = 5*g - h, 3*h - 2137 = 2*g - g. Calculate the remainder when 10/(-8) - g/100 is divided by 11.
9
Let t be (-312)/36*(-6)/4. Let f = 26 - t. Calculate the remainder when (-808)/(-16) + (-1)/2 is divided by f.
11
Let k(a) = 664*a - 8610. Suppose 5*v - 291 = 94. Calculate the remainder when v is divided by k(13).
11
Suppose 5*u + 13 = -k, -5*k + 0*k + 4*u = -22. Suppose -3*a + 54 = 2*q + 13, k*q = 2*a - 14. Calculate the remainder when 127 is divided by a.
6
Suppose 9*r = 4*r - r. Suppose r = -5*d + c + 14, 3*d - 18 = c + 2*c. Calculate the remainder when 19 is divided by d.
1
Let m(t) = t**2 + t - 6. Let k be m(-3). Suppose k = i - 4*i + 12. Let s(r) = 3*r**2 - 6*r + 13. Calculate the remainder when s(i) is divided by 20.
17
Let s(x) = 35*x + 308. Suppose -224 = 48*i - 20*i. What is the remainder when s(i) is divided by 15?
13
Let v = 14 - 13. Let i(c) = 2*c**2 - c. Let n be i(v). Suppose 2*q + 2*m = 32, n = q - 2*m - 0. What is the remainder when 51 is divided by q?
7
Let s(c) = 3*c**3 + 18*c**2 - 3*c + 12. Let z(y) = -7*y**3 - 37*y**2 + 8*y - 23. Let w(v) = -5*s(v) - 2*z(v). What is the remainder when 3 is divided b